lculate the remainder when 144 is divided by 53.
38
What is the remainder when 344 is divided by 117?
110
What is the remainder when 683 is divided by 12?
11
What is the remainder when 999 is divided by 39?
24
Calculate the remainder when 73 is divided by 73.
0
Calculate the remainder when 335 is divided by 39.
23
Calculate the remainder when 535 is divided by 67.
66
Calculate the remainder when 392 is divided by 125.
17
Calculate the remainder when 111 is divided by 19.
16
Calculate the remainder when 77 is divided by 9.
5
What is the remainder when 505 is divided by 16?
9
What is the remainder when 366 is divided by 54?
42
Calculate the remainder when 14844 is divided by 101.
98
Calculate the remainder when 134 is divided by 45.
44
Calculate the remainder when 1780 is divided by 35.
30
What is the remainder when 975 is divided by 226?
71
What is the remainder when 7653 is divided by 19?
15
Calculate the remainder when 13559 is divided by 6777.
5
What is the remainder when 237 is divided by 12?
9
What is the remainder when 7512 is divided by 167?
164
What is the remainder when 495 is divided by 16?
15
Calculate the remainder when 197 is divided by 51.
44
Calculate the remainder when 1146 is divided by 125.
21
What is the remainder when 760 is divided by 127?
125
What is the remainder when 2500 is divided by 139?
137
What is the remainder when 4213 is divided by 31?
28
Calculate the remainder when 446 is divided by 8.
6
What is the remainder when 382 is divided by 74?
12
Calculate the remainder when 376 is divided by 42.
40
What is the remainder when 2183 is divided by 429?
38
Calculate the remainder when 59 is divided by 21.
17
Calculate the remainder when 163 is divided by 135.
28
What is the remainder when 4232 is divided by 385?
382
What is the remainder when 1121 is divided by 189?
176
Calculate the remainder when 68 is divided by 4.
0
What is the remainder when 33 is divided by 11?
0
What is the remainder when 175 is divided by 164?
11
Calculate the remainder when 330 is divided by 164.
2
Calculate the remainder when 2548 is divided by 58.
54
Calculate the remainder when 132 is divided by 21.
6
Calculate the remainder when 612 is divided by 144.
36
What is the remainder when 554 is divided by 101?
49
Calculate the remainder when 1811 is divided by 900.
11
What is the remainder when 645 is divided by 18?
15
What is the remainder when 118 is divided by 98?
20
What is the remainder when 504 is divided by 168?
0
What is the remainder when 17360 is divided by 386?
376
What is the remainder when 210 is divided by 44?
34
What is the remainder when 44 is divided by 2?
0
What is the remainder when 93 is divided by 14?
9
Calculate the remainder when 675 is divided by 164.
19
Calculate the remainder when 39 is divided by 7.
4
What is the remainder when 75 is divided by 69?
6
What is the remainder when 619 is divided by 111?
64
What is the remainder when 19 is divided by 10?
9
What is the remainder when 461 is divided by 121?
98
Calculate the remainder when 6089 is divided by 70.
69
What is the remainder when 40097 is divided by 326?
325
Calculate the remainder when 215 is divided by 24.
23
Calculate the remainder when 324 is divided by 102.
18
What is the remainder when 257 is divided by 20?
17
Calculate the remainder when 31 is divided by 11.
9
Calculate the remainder when 549 is divided by 55.
54
What is the remainder when 4826 is divided by 16?
10
What is the remainder when 571 is divided by 145?
136
Calculate the remainder when 2016 is divided by 43.
38
What is the remainder when 3768 is divided by 65?
63
Calculate the remainder when 490 is divided by 104.
74
What is the remainder when 615 is divided by 152?
7
Calculate the remainder when 1507 is divided by 11.
0
Calculate the remainder when 101 is divided by 17.
16
What is the remainder when 640 is divided by 18?
10
What is the remainder when 1688 is divided by 13?
11
Calculate the remainder when 127 is divided by 15.
7
What is the remainder when 286 is divided by 135?
16
Calculate the remainder when 208 is divided by 13.
0
Calculate the remainder when 3913 is divided by 29.
27
What is the remainder when 143 is divided by 19?
10
What is the remainder when 178 is divided by 38?
26
Calculate the remainder when 163 is divided by 13.
7
Calculate the remainder when 753 is divided by 95.
88
What is the remainder when 777 is divided by 44?
29
Calculate the remainder when 447 is divided by 25.
22
What is the remainder when 1692 is divided by 153?
9
What is the remainder when 122 is divided by 28?
10
What is the remainder when 74 is divided by 63?
11
What is the remainder when 30887 is divided by 33?
32
What is the remainder when 594 is divided by 133?
62
Calculate the remainder when 49798 is divided by 74.
70
What is the remainder when 123 is divided by 49?
25
Calculate the remainder when 21 is divided by 18.
3
Calculate the remainder when 54 is divided by 5.
4
Calculate the remainder when 10933 is divided by 35.
13
What is the remainder when 104 is divided by 30?
14
What is the remainder when 86 is divided by 30?
26
Calculate the remainder when 29 is divided by 5.
4
What is the remainder when 63 is divided by 8?
7
What is the remainder when 20 is divided by 12?
8
Calculate the remainder when 285 is divided by 119.
47
Calculate the remainder when 1840 is divided by 367.
5
What is the remainder when 191 is divided by 13?
9
Calculate the remainder when 1370 is divided by 447.
29
What is the remainder when 890 is divided by 156?
110
Calculate the remainder when 2393 is divided by 109.
104
Calculate the remainder when 328 is divided by 78.
16
Calculate the remainder when 62 is divided by 34.
28
Calculate the remainder when 2229 is divided by 8.
5
Calculate the remainder when 565 is divided by 19.
14
Calculate the remainder when 220 is divided by 148.
72
What is the remainder when 1596 is divided by 525?
21
Calculate the remainder when 1934 is divided by 20.
14
Calculate the remainder when 375 is divided by 6.
3
What is the remainder when 4058 is divided by 58?
56
What is the remainder when 227 is divided by 197?
30
Calculate the remainder when 167 is divided by 13.
11
What is the remainder when 7096 is divided by 22?
12
Calculate the remainder when 1113 is divided by 182.
21
Calculate the remainder when 3427 is divided by 127.
125
Calculate the remainder when 2547 is divided by 116.
111
What is the remainder when 38 is divided by 9?
2
What is the remainder when 184 is divided by 43?
12
What is the remainder when 341 is divided by 26?
3
Calculate the remainder when 121 is divided by 42.
37
What is the remainder when 10431 is divided by 163?
162
Calculate the remainder when 2369 is divided by 589.
13
Calculate the remainder when 752 is divided by 40.
32
Calculate the remainder when 413 is divided by 69.
68
Calculate the remainder when 11 is divided by 11.
0
What is the remainder when 153 is divided by 52?
49
What is the remainder when 134 is divided by 36?
26
Calculate the remainder when 717 is divided by 118.
9
What is the remainder when 2156 is divided by 86?
6
Calculate the remainder when 141 is divided by 69.
3
What is the remainder when 124 is divided by 46?
32
What is the remainder when 64 is divided by 22?
20
What is the remainder when 43 is divided by 22?
21
What is the remainder when 8809 is divided by 99?
97
Calculate the remainder when 2598 is divided by 52.
50
What is the remainder when 143 is divided by 21?
17
What is the remainder when 27160 is divided by 9?
7
Calculate the remainder when 167 is divided by 22.
13
What is the remainder when 8921 is divided by 23?
20
Calculate the remainder when 2496 is divided by 17.
14
Calculate the remainder when 150 is divided by 39.
33
What is the remainder when 815 is divided by 124?
71
What is the remainder when 716 is divided by 91?
79
Calculate the remainder when 2012 is divided by 203.
185
What is the remainder when 55 is divided by 2?
1
What is the remainder when 35198 is divided by 40?
38
What is the remainder when 4015 is divided by 8?
7
What is the remainder when 4209 is divided by 81?
78
What is the remainder when 257 is divided by 6?
5
What is the remainder when 3994 is divided by 148?
146
Calculate the remainder when 324 is divided by 118.
